4, what is -231213330223 - -11?
-231213330212
In base 9, what is 140177 + 353?
140541
In base 2, what is 1111010000 + -10101101100110000?
-10101011101100000
In base 3, what is 11221102201 + -11221101?
11202111100
In base 8, what is 6732 + -723?
6007
In base 9, what is 5 + 17508045?
17508051
In base 6, what is 11425 - 3525?
3500
In base 7, what is 6663 - -25014?
35010
In base 13, what is 1135 + -1c714?
-1b5ac
In base 2, what is 10100010000100001 + -1111100?
10100001110100101
In base 9, what is -13813323 + -74?
-13813407
In base 12, what is -170804 + -12?
-170816
In base 6, what is -1501142 - 423?
-1502005
In base 9, what is -2034634 - 11?
-2034645
In base 5, what is -3 - -32221014002?
32221013444
In base 12, what is 15a61 - -1b7?
16058
In base 14, what is 1a + b14ca?
b1506
In base 16, what is 1222 + -e17?
40b
In base 6, what is -2351 - -34310?
31515
In base 6, what is 1230311 + 52?
1230403
In base 3, what is 20120121220 - 1?
20120121212
In base 10, what is 188207 - 3141?
185066
In base 13, what is 2 + -68c6cc?
-68c6ca
In base 7, what is -1010532506 - -5?
-1010532501
In base 6, what is -3 + 5224403?
5224400
In base 9, what is 0 + 4383134?
4383134
In base 3, what is -12 - 112120112100202202?
-112120112100202221
In base 14, what is 3250 + 2a3?
3513
In base 13, what is 1a78443 - a?
1a78436
In base 12, what is b634 - -3050a?
3bb42
In base 5, what is 0 - 432102143?
-432102143
In base 10, what is 227 - 327673?
-327446
In base 13, what is -29483 + 16b?
-29315
In base 9, what is -220 - 1286704?
-1287024
In base 4, what is -1 - -11110010122?
11110010121
In base 11, what is 23580 + -924?
22757
In base 9, what is 13875 - 6811?
6064
In base 3, what is -1 + -11020102011022220?
-11020102011022221
In base 5, what is -1 + -342214222212?
-342214222213
In base 12, what is 30 + -99269?
-99239
In base 9, what is 67 - -166447?
166525
In base 8, what is 2 - -131374704?
131374706
In base 3, what is -110222222102 - -10021000?
-110212201102
In base 7, what is -2313 + -2030?
-4343
In base 6, what is -15 + -1441142?
-1441201
In base 16, what is -18 + -316ed4?
-316eec
In base 3, what is 10010002000 - 111220?
10002120010
In base 10, what is -241 + -1604543?
-1604784
In base 15, what is 81c56b + 2?
81c56d
In base 14, what is 1d + 1bc7db?
1bc81a
In base 15, what is 6e - -8e19b7?
8e1a36
In base 9, what is -4230 + 135?
-4084
In base 12, what is 7756 - -19b9?
9553
In base 8, what is -2521 + 4251?
1530
In base 13, what is -3 - 78999a7b?
-78999a81
In base 9, what is 7 - -154441820?
154441827
In base 16, what is -4 - -130e8?
130e4
In base 2, what is 1011110001101111010100110010 + -10?
1011110001101111010100110000
In base 4, what is -202223 - -1010001?
201112
In base 13, what is -14 + -3649545?
-3649559
In base 5, what is 100 - 20200442214?
-20200442114
In base 9, what is 83655 - -61?
83726
In base 14, what is -20b58 - -29b?
-2089b
In base 14, what is -2 + 7c6b0?
7c6ac
In base 8, what is 56 + 122714?
122772
In base 4, what is -2331202 - -121233?
-2203303
In base 14, what is 4 - 2a824021?
-2a82401b
In base 9, what is 60220722 + -2?
60220720
In base 3, what is -10102100 - -220220?
-2111110
In base 8, what is -40403 + 1060?
-37323
In base 4, what is 123120 + -11220301?
-11031121
In base 13, what is -131 - 192a1?
-19402
In base 14, what is d0171 - 0?
d0171
In base 2, what is 10100011001001101110 - 11010100?
10100011000110011010
In base 5, what is -1 - 14433443101?
-14433443102
In base 11, what is 178531 - -22?
178553
In base 4, what is 0 - -100003230313203?
100003230313203
In base 4, what is -122131101132 - 12?
-122131101210
In base 4, what is 30312310 - -301213?
31220123
In base 16, what is -5 - -12d7bc6?
12d7bc1
In base 2, what is -10 - 110011010110111101110110?
-110011010110111101111000
In base 11, what is 7 + 279723a8?
27972404
In base 8, what is -10116 - -211416?
201300
In base 11, what is -120 + -295163?
-295283
In base 2, what is 1000110101101101001 + -1000011011?
1000110100101001110
In base 13, what is -426 + 475a8?
47182
In base 8, what is -1060 + 5621?
4541
In base 9, what is -225373 - 16?
-225400
In base 10, what is -1225105675 + -2?
-1225105677
In base 2, what is 11000100100000101111 - 1110?
11000100100000100001
In base 11, what is -8 + -15193418?
-15193425
In base 5, what is -3 + -2113321?
-2113324
In base 4, what is 22331110 + 1322?
22333032
In base 3, what is -2001 + -1220222220200001?
-1220222220202002
In base 9, what is 250074266 - 1?
250074265
In base 14, what is -21db3a6 + -5?
-21db3ab
In base 14, what is 199 + -6566a?
-654b1
In base 5, what is 10 + 222231433342?
222231433402
In base 16, what is -5 - -df9c72?
df9c6d
In base 9, what is 152446025 - 1?
152446024
In base 12, what is -2 - -1521015?
1521013
In base 9, what is 266587 + 2284?
268882
In base 14, what is -3d0c - 5c86?
-9b94
In base 8, what is -3445 + 13476?
10031
In base 10, what is 7078494 + 3?
7078497
In base 13, what is -38038 + 11?
-38027
In base 16, what is 1507 + -4f8?
100f
In base 15, what is 2277cb7 + -5?
2277cb2
In base 6, what is 1232 - -3151442?
3153114
In base 4, what is -10333112 - -13032?
-10320020
In base 12, what is 7248 - -174?
7400
In base 2, what is -10001011100110101101100000 + 10010?
-10001011100110101101001110
In base 2, what is 100010011010100 + -1110100?
100010001100000
In base 16, what is 32 - 86661?
-8662f
In base 2, what is -10 - -1011001000010110100110011?
1011001000010110100110001
In base 13, what is 90b680 + c?
90b68c
In base 4, what is -13210303 - -220033?
-12330210
In base 14, what is -d6543a + -17?
-d65453
In base 4, what is 2 + 131313011121?
131313011123
In base 13, what is 175 + 2a33b8?
2a3560
In base 13, what is -85 - -121b2?
1212a
In base 6, what is 234400 + 204?
235004
In base 3, what is -1121211022 + -2201022?
-1201112121
In base 13, what is 797 - 390?
407
In base 4, what is -1023101 + 31013?
-332022
In base 11, what is 0 + -a968a66?
-a968a66
In base 16, what is -20a7255 - f?
-20a7264
In base 15, what is -10c - -51c357?
51c24a
In base 15, what is 60 + 3e4aa?
3e51a
In base 3, what is -2001111222 - 22?
-2001112021
In base 14, what is 83a9d8 - -1b6?
83abb0
In base 2, what is -11 + -10100100001011101110?
-10100100001011110001
In base 13, what is -41c3b - -662?
-415a9
In base 8, what is -11754662 - -3?
-11754657
In base 4, what is -2003322203332 - -2?
-2003322203330
In base 14, what is 4 - -4a0b75?
4a0b79
In base 2, what is 110010010110010001000101100 - 100?
110010010110010001000101000
In base 6, what is -30252020 + 112?
-30251504
In base 13, what is 461b - -251c?
6b3a
In base 2, what is 11011000011101001 - -1110000?
11011000101011001
In base 11, what is -7aa6 + -281?
-8277
In base 12, what is -17 + -115331a0?
-115331b7
In base 2, what is -10101011 - -10010011111000000011?
10010011110101011000
In base 13, what is -487c3c - -9?
-487c33
In base 15, what is -1 + -a875864?
-a875865
In base 8, what is -45 - 324441?
-324506
In base 5, what is -10244314031 - 110?
-10244314141
In base 14, what is 35089a - 17?
350883
In base 3, what is 220120 - 20001002?
-12010112
In base 10, what is -2560 - -51290?
48730
In base 13, what is -2cc8 - 65?
-3060
In base 14, what is -75 + -167a6b4?
-167a749
In base 4, what is -301100203003 - -1?
-301100203002
In base 6, what is -20020240221 - -4?
-20020240213
In base 14, what is 4 - -76382?
76386
In base 14, what is 429 - -3768?
3b93
In base 7, what is 3065 + -1016121?
-1013023
In base 3, what is -201221101221022221 + 11?
-201221101221022210
In base 7, what is 336234641 - 14?
336234624
In base 3, what is 201220020001 - -2020?
201220022021
In base 15, what is 2e0046 - 1?
2e0045
In base 7, what is 3243112 + -666?
3242113
In base 10, what is 10 + -259553?
-259543
In base 13, what is -159b - ab35?
-c403
In base 9, what is -571 - -1860?
1278
In base 7, what is 2 - -35051342?
35051344
In base 3, what is -11 + 21211100110122020?
21211100110122002
In base 12, what is -1185650 + 1b?
-1185631
In base 13, what is 26 + 4a0229?
4a0252
In base 5, what is -112200 + 22012?
-40133
In base 5, what is -1412403 + -2324?
-1420232
In base 4, what is 102210120 + 111?
102210231
In base 12, what is -2 + 4960479?
4960477
In base 9, what is -13612 + -65576?
-80288
In base 5, what is 14 - -200142222?
200142241
In base 10, what is -31 - 216979?
-217010
In base 4, what is -11 + 223